{"id":307,"date":"2017-01-07T03:53:53","date_gmt":"2017-01-07T03:53:53","guid":{"rendered":"https:\/\/motoculturasite.wordpress.com\/?page_id=4"},"modified":"2023-07-14T19:38:47","modified_gmt":"2023-07-14T22:38:47","slug":"contato","status":"publish","type":"page","link":"https:\/\/www.motocultura.com.br\/home\/contato\/","title":{"rendered":"FALE CONOSCO"},"content":{"rendered":"<p>Quer falar com a gente? Deixar uma cr\u00edtica, sugest\u00e3o ou qualquer outra coisa? O lugar \u00e9 aqui. Envie uma mensagem e prometemos responder rapidinho!<\/p>\n<div data-test='contact-form' id='contact-form-307' class='wp-block-jetpack-contact-form-container '>\n<form action='https:\/\/www.motocultura.com.br\/home\/contato\/#contact-form-307' method='post' class='contact-form commentsblock'>\n<script>\n\t\t\t( function () {\n\t\t\t\tconst contact_forms = document.getElementsByClassName('contact-form');\n\n\t\t\t\tfor ( const form of contact_forms ) {\n\t\t\t\t\tform.onsubmit = function() {\n\t\t\t\t\t\tconst buttons = form.getElementsByTagName('button');\n\n\t\t\t\t\t\tfor( const button of buttons ) {\n\t\t\t\t\t\t\tbutton.setAttribute('disabled', true);\n\t\t\t\t\t\t}\n\t\t\t\t\t}\n\t\t\t\t}\n\t\t\t} )();\n\t\t<\/script>\n<div style=\"\" class='grunion-field-name-wrap grunion-field-wrap'  >\n<label\n\t\t\t\tfor='g307-nome'\n\t\t\t\tclass='grunion-field-label name'>Nome<span>(obrigat\u00f3rio)<\/span><\/label>\n<input\n\t\t\t\t\ttype='text'\n\t\t\t\t\tname='g307-nome'\n\t\t\t\t\tid='g307-nome'\n\t\t\t\t\tvalue=''\n\t\t\t\t\tclass='name  grunion-field' \n\t\t\t\t\trequired aria-required='true' \/>\n\t<\/div>\n\n<div style=\"\" class='grunion-field-email-wrap grunion-field-wrap'  >\n<label\n\t\t\t\tfor='g307-email'\n\t\t\t\tclass='grunion-field-label email'>E-mail<span>(obrigat\u00f3rio)<\/span><\/label>\n<input\n\t\t\t\t\ttype='email'\n\t\t\t\t\tname='g307-email'\n\t\t\t\t\tid='g307-email'\n\t\t\t\t\tvalue=''\n\t\t\t\t\tclass='email  grunion-field' \n\t\t\t\t\trequired aria-required='true' \/>\n\t<\/div>\n\n<div style=\"\" class='grunion-field-textarea-wrap grunion-field-wrap'  >\n<label\n\t\t\t\tfor='contact-form-comment-g307-mensagem'\n\t\t\t\tclass='grunion-field-label textarea'>Mensagem<span>(obrigat\u00f3rio)<\/span><\/label>\n<textarea\n\t\t                style=''\n\t\t                name='g307-mensagem'\n\t\t                id='contact-form-comment-g307-mensagem'\n\t\t                rows='20' class='textarea  grunion-field'  required aria-required='true'><\/textarea>\n\t<\/div>\n\t<p class='contact-submit'>\n\t\t<button type='submit' class='pushbutton-wide'>Enviar<\/button>\t\t<input type='hidden' name='contact-form-id' value='307' \/>\n\t\t<input type='hidden' name='action' value='grunion-contact-form' \/>\n\t\t<input type='hidden' name='contact-form-hash' value='872235bbdcce51077e31436e9480a3cf978802ca' \/>\n\t<\/p>\n<\/form>\n<\/div>\n<p>&nbsp;<\/p>\n","protected":false},"excerpt":{"rendered":"<p>This is just a short excerpt for the contact&nbsp;page.<\/p>\n","protected":false},"author":1,"featured_media":0,"parent":0,"menu_order":2,"comment_status":"closed","ping_status":"closed","template":"","meta":[],"jetpack-related-posts":[{"id":4017,"url":"https:\/\/www.motocultura.com.br\/home\/concurso-de-customizacao-de-motocicletas-motocultura\/","url_meta":{"origin":307,"position":0},"title":"Concurso de Customiza\u00e7\u00e3o de Motocicletas Motocultura","author":"Motocultura","date":"26 de julho de 2021","format":false,"excerpt":"Est\u00e1 na hora da s\u00e9tima edi\u00e7\u00e3o do concurso de motocicletas customizadas Motocultura! As inscri\u00e7\u00f5es para a edi\u00e7\u00e3o 2023 est\u00e3o abertas! Neste ano, o concurso acontecer\u00e1 de forma totalmente virtual com a presen\u00e7a de convidados especiais e transmitido ao vivo pelo canal do Youtube de Motocultura. Desde 2021 j\u00e1 recebemos inscri\u00e7\u00f5es\u2026","rel":"","context":"Post similar","block_context":{"text":"Post similar","link":""},"img":{"alt_text":"","src":"https:\/\/i0.wp.com\/www.motocultura.com.br\/home\/wp-content\/uploads\/2023\/07\/abre-concurso-motocultura-2023.jpg?resize=350%2C200&ssl=1","width":350,"height":200,"srcset":"https:\/\/i0.wp.com\/www.motocultura.com.br\/home\/wp-content\/uploads\/2023\/07\/abre-concurso-motocultura-2023.jpg?resize=350%2C200&ssl=1 1x, https:\/\/i0.wp.com\/www.motocultura.com.br\/home\/wp-content\/uploads\/2023\/07\/abre-concurso-motocultura-2023.jpg?resize=700%2C400&ssl=1 2x, https:\/\/i0.wp.com\/www.motocultura.com.br\/home\/wp-content\/uploads\/2023\/07\/abre-concurso-motocultura-2023.jpg?resize=1050%2C600&ssl=1 3x"},"classes":[]},{"id":3137,"url":"https:\/\/www.motocultura.com.br\/home\/concurso-arte-pra-cabeca\/","url_meta":{"origin":307,"position":1},"title":"Concurso Arte Pra Cabe\u00e7a","author":"Motocultura","date":"21 de mar\u00e7o de 2020","format":false,"excerpt":"Voc\u00ea que \u00e9 customizador, ilustrador, pintor ou mesmo entusiasta, que tal manter a mente e as m\u00e3os trabalhando e divulgar seu trabalho para o seu p\u00fablico? Ent\u00e3o a hora \u00e9 agora. Motocultura quer promover uma disputa saud\u00e1vel para justamente mostrar seu trabalho e fortalecer os profissionais que fazem disso seu\u2026","rel":"","context":"Post similar","block_context":{"text":"Post similar","link":""},"img":{"alt_text":"","src":"https:\/\/i0.wp.com\/www.motocultura.com.br\/home\/wp-content\/uploads\/2020\/03\/allan.jpg?resize=350%2C200&ssl=1","width":350,"height":200},"classes":[]},{"id":3640,"url":"https:\/\/www.motocultura.com.br\/home\/concurso-de-customizacao-nacional-2020\/","url_meta":{"origin":307,"position":2},"title":"Concurso nacional de customiza\u00e7\u00e3o Motocultura\u2026","author":"Motocultura","date":"22 de julho de 2020","format":false,"excerpt":"Concurso nacional de customiza\u00e7\u00e3o Motocultura Motocultura tem como um de seus pilares, desde o in\u00edcio, promover e divulgar o trabalho de profissionais da customiza\u00e7\u00e3o no pa\u00eds. Mas, al\u00e9m disso, a ideia \u00e9 dar espa\u00e7o e visibilidade principalmente para as novas gera\u00e7\u00f5es e novos talentos do meio. Uma das iniciativas neste\u2026","rel":"","context":"Post similar","block_context":{"text":"Post similar","link":""},"img":{"alt_text":"","src":"https:\/\/i0.wp.com\/www.motocultura.com.br\/home\/wp-content\/uploads\/2020\/07\/topo-pagina-concurso-1.jpg?resize=350%2C200&ssl=1","width":350,"height":200,"srcset":"https:\/\/i0.wp.com\/www.motocultura.com.br\/home\/wp-content\/uploads\/2020\/07\/topo-pagina-concurso-1.jpg?resize=350%2C200&ssl=1 1x, https:\/\/i0.wp.com\/www.motocultura.com.br\/home\/wp-content\/uploads\/2020\/07\/topo-pagina-concurso-1.jpg?resize=700%2C400&ssl=1 2x"},"classes":[]},{"id":306,"url":"https:\/\/www.motocultura.com.br\/home\/equipe\/","url_meta":{"origin":307,"position":3},"title":"QUEM FAZ O MOTOCULTURA","author":"Motocultura","date":"7 de janeiro de 2017","format":false,"excerpt":"This is just a short excerpt for the about\u00a0page.","rel":"","context":"Post similar","block_context":{"text":"Post similar","link":""},"img":{"alt_text":"","src":"https:\/\/i0.wp.com\/www.motocultura.com.br\/home\/wp-content\/uploads\/2020\/02\/duc-motocultura.jpg?resize=350%2C200&ssl=1","width":350,"height":200},"classes":[]},{"id":1362,"url":"https:\/\/www.motocultura.com.br\/home\/concurso-ducati-grafismo\/","url_meta":{"origin":307,"position":4},"title":"DUCATI SCRAMBLER DOS SONHOS","author":"Motocultura","date":"9 de julho de 2017","format":false,"excerpt":"J\u00e1 pensou em desenhar um grafismo exclusivo para uma Ducati Scrambler? Pois agora voc\u00ea pode e seu desenho pode ir parar em uma Ducati Scrambler novinha! Motocultura e Ducati Campinas convidam voc\u00ea a criar um grafismo super legal para a Scrambler e enviar pra gente! Os melhores desenhos, julgados por\u2026","rel":"","context":"Post similar","block_context":{"text":"Post similar","link":""},"img":{"alt_text":"","src":"https:\/\/i0.wp.com\/www.motocultura.com.br\/home\/wp-content\/uploads\/2017\/07\/pagina.png?resize=350%2C200&ssl=1","width":350,"height":200,"srcset":"https:\/\/i0.wp.com\/www.motocultura.com.br\/home\/wp-content\/uploads\/2017\/07\/pagina.png?resize=350%2C200&ssl=1 1x, https:\/\/i0.wp.com\/www.motocultura.com.br\/home\/wp-content\/uploads\/2017\/07\/pagina.png?resize=700%2C400&ssl=1 2x"},"classes":[]},{"id":918,"url":"https:\/\/www.motocultura.com.br\/home\/moto-customizada-do-ano\/","url_meta":{"origin":307,"position":5},"title":"MOTO CUSTOMIZADA DO ANO 2019","author":"Motocultura","date":"19 de abril de 2017","format":false,"excerpt":"\u00a0 Inscri\u00e7\u00f5es encerradas 10 motocicletas j\u00e1 foram escolhidas pelos jurados em duas etapas. As 10 disputar\u00e3o o t\u00edtulo no evento HOT RODS BRASIL que acontece nos dias 15, 16 e 17 de novembro em S\u00e3o Bernardo do Campo (SP). O que \u00e9 Motocultura e\u00a0Rockers Self-Garage convidam voc\u00ea e sua motocicleta\u2026","rel":"","context":"Post similar","block_context":{"text":"Post similar","link":""},"img":{"alt_text":"","src":"https:\/\/i0.wp.com\/www.motocultura.com.br\/home\/wp-content\/uploads\/2019\/04\/Wall-etapa-cafe-racer.jpg?resize=350%2C200&ssl=1","width":350,"height":200,"srcset":"https:\/\/i0.wp.com\/www.motocultura.com.br\/home\/wp-content\/uploads\/2019\/04\/Wall-etapa-cafe-racer.jpg?resize=350%2C200&ssl=1 1x, https:\/\/i0.wp.com\/www.motocultura.com.br\/home\/wp-content\/uploads\/2019\/04\/Wall-etapa-cafe-racer.jpg?resize=700%2C400&ssl=1 2x"},"classes":[]}],"jetpack_sharing_enabled":false,"_links":{"self":[{"href":"https:\/\/www.motocultura.com.br\/home\/wp-json\/wp\/v2\/pages\/307"}],"collection":[{"href":"https:\/\/www.motocultura.com.br\/home\/wp-json\/wp\/v2\/pages"}],"about":[{"href":"https:\/\/www.motocultura.com.br\/home\/wp-json\/wp\/v2\/types\/page"}],"author":[{"embeddable":true,"href":"https:\/\/www.motocultura.com.br\/home\/wp-json\/wp\/v2\/users\/1"}],"replies":[{"embeddable":true,"href":"https:\/\/www.motocultura.com.br\/home\/wp-json\/wp\/v2\/comments?post=307"}],"version-history":[{"count":2,"href":"https:\/\/www.motocultura.com.br\/home\/wp-json\/wp\/v2\/pages\/307\/revisions"}],"predecessor-version":[{"id":4595,"href":"https:\/\/www.motocultura.com.br\/home\/wp-json\/wp\/v2\/pages\/307\/revisions\/4595"}],"wp:attachment":[{"href":"https:\/\/www.motocultura.com.br\/home\/wp-json\/wp\/v2\/media?parent=307"}],"curies":[{"name":"wp","href":"https:\/\/api.w.org\/{rel}","templated":true}]}}

<p>Quer falar com a gente? Deixar uma crítica, sugestão ou qualquer outra coisa? O lugar é aqui. Envie uma mensagem e prometemos responder rapidinho!</p>
<div data-test='contact-form' id='contact-form-307' class='wp-block-jetpack-contact-form-container '>
<form action='https://www.motocultura.com.br/home/contato/#contact-form-307' method='post' class='contact-form commentsblock'>
<script>
			( function () {
				const contact_forms = document.getElementsByClassName('contact-form');

				for ( const form of contact_forms ) {
					form.onsubmit = function() {
						const buttons = form.getElementsByTagName('button');

						for( const button of buttons ) {
							button.setAttribute('disabled', true);
						}
					}
				}
			} )();
		</script>
<div style="" class='grunion-field-name-wrap grunion-field-wrap'  >
<label
				for='g307-nome'
				class='grunion-field-label name'>Nome<span>(obrigatório)</span></label>
<input
					type='text'
					name='g307-nome'
					id='g307-nome'
					value=''
					class='name  grunion-field' 
					required aria-required='true' />
	</div>

<div style="" class='grunion-field-email-wrap grunion-field-wrap'  >
<label
				for='g307-email'
				class='grunion-field-label email'>E-mail<span>(obrigatório)</span></label>
<input
					type='email'
					name='g307-email'
					id='g307-email'
					value=''
					class='email  grunion-field' 
					required aria-required='true' />
	</div>

<div style="" class='grunion-field-textarea-wrap grunion-field-wrap'  >
<label
				for='contact-form-comment-g307-mensagem'
				class='grunion-field-label textarea'>Mensagem<span>(obrigatório)</span></label>
<textarea
		                style=''
		                name='g307-mensagem'
		                id='contact-form-comment-g307-mensagem'
		                rows='20' class='textarea  grunion-field'  required aria-required='true'></textarea>
	</div>
	<p class='contact-submit'>
		<button type='submit' class='pushbutton-wide'>Enviar</button>		<input type='hidden' name='contact-form-id' value='307' />
		<input type='hidden' name='action' value='grunion-contact-form' />
		<input type='hidden' name='contact-form-hash' value='872235bbdcce51077e31436e9480a3cf978802ca' />
	</p>
</form>
</div>
<p>&nbsp;</p>

Concurso de Customização de Motocicletas Motocultura

Está na hora da sétima edição do concurso de motocicletas customizadas Motocultura! As inscrições para a edição 2023 estão abertas! Neste ano, o concurso acontecerá de forma totalmente virtual com a presença de convidados especiais e transmitido ao vivo pelo canal do Youtube de Motocultura. Desde 2021 já recebemos inscrições…

Concurso Arte Pra Cabeça

21 de março de 2020

Você que é customizador, ilustrador, pintor ou mesmo entusiasta, que tal manter a mente e as mãos trabalhando e divulgar seu trabalho para o seu público? Então a hora é agora. Motocultura quer promover uma disputa saudável para justamente mostrar seu trabalho e fortalecer os profissionais que fazem disso seu…

Concurso nacional de customização Motocultura…

Concurso nacional de customização Motocultura Motocultura tem como um de seus pilares, desde o início, promover e divulgar o trabalho de profissionais da customização no país. Mas, além disso, a ideia é dar espaço e visibilidade principalmente para as novas gerações e novos talentos do meio. Uma das iniciativas neste…

Já pensou em desenhar um grafismo exclusivo para uma Ducati Scrambler? Pois agora você pode e seu desenho pode ir parar em uma Ducati Scrambler novinha! Motocultura e Ducati Campinas convidam você a criar um grafismo super legal para a Scrambler e enviar pra gente! Os melhores desenhos, julgados por…

Inscrições encerradas 10 motocicletas já foram escolhidas pelos jurados em duas etapas. As 10 disputarão o título no evento HOT RODS BRASIL que acontece nos dias 15, 16 e 17 de novembro em São Bernardo do Campo (SP). O que é Motocultura e Rockers Self-Garage convidam você e sua motocicleta…
